 18*s**2 - 18*s + 38. Let k(f) = f**3 + 6*f**2 - 6*f + 13. Let i(m) = -17*k(m) + 6*y(m). Suppose 4*n + 12 = 2*n. Is i(n) a composite number?
False
Suppose 0 = 5*t - 3*z - 90592, -z - 2*z - 18116 = -t. Is t prime?
True
Suppose 160 = -4*d + 152. Is -5 + 13924/16 + d/8 a prime number?
False
Let s be ((-10604)/8)/11*-94. Let f = -7498 + s. Is f prime?
False
Let i = 25 - 12. Let r = i - -114. Is r a composite number?
False
Suppose -5*n + 2*f + 26309 = 0, 10*n + 2*f = 8*n + 10518. Is n a composite number?
False
Let m(d) = 2*d - 32. Let l be m(17). Suppose 6*a - l*a = 60. Is a a composite number?
True
Let o(j) = 182*j - 1 + 3 + 5 - 2. Let b be o(2). Let r = b + -263. Is r prime?
False
Suppose -2*u + 0*r = 4*r - 10080, -10095 = -2*u + r. Suppose -3*w - 524 + 4320 = -5*b, 4*w + b = u. Is w composite?
True
Suppose -w - 26 = 5*u, 14 = -5*w + u + 3*u. Is -1*w/(-4)*(-28934)/51 prime?
False
Let r = 73 - 27. Suppose -r = 4*w - 938. Is w prime?
True
Suppose 4*o - 6832 = 13044. Is o a composite number?
False
Let g = 2 - -5. Suppose -g*a + 11*a - 36 = 0. Is (a/6)/(3/212) a prime number?
False
Let y = -3 - 14. Let u = -26 - y. Is ((-2022)/u)/(4/6) a prime number?
True
Suppose -4*y - y + 5 = -3*l, -2*l = y - 14. Suppose 5*h - 7814 = -3*j, l*h + 5*j - 7817 = j. Is h a prime number?
False
Is ((-525)/10)/(-35) + 48046/4 composite?
True
Suppose -9*b + 100 = -5*b. Let f = -23 + b. Suppose -n = 4*o - 1512, -2*o = -0*n - f*n - 766. Is o composite?
False
Let g(s) = -5*s + 27677. Is g(0) composite?
True
Suppose -6*h - 4 = -8*h. Suppose p - 7 - 11 = y, 22 = h*p + 5*y. Let f = 23 - p. Is f prime?
True
Let b = 21 - 7. Let l(f) = 23*f + 33. Is l(b) composite?
True
Suppose -1546*o = -1540*o - 262914. Is o composite?
True
Suppose z + 4174 = 5*l - 3*z, -z - 2510 = -3*l. Suppose -l = -4*u + 742. Is u a composite number?
True
Let c(l) = l + 11. Let a be c(-6). Let u(f) = -f + 7. Let i be u(a). Suppose 0*g + 610 = i*g. Is g a composite number?
True
Let v = 1849 - 2870. Let a = v + 1520. Is a composite?
False
Let b(i) = -2*i - 37. Let z be b(-20). Suppose 0 = 4*w + z*c - 493, -w + 264 = w - 2*c. Is w composite?
False
Let s(w) = 4*w**2 - 26*w + 57. Let z be s(-25). Suppose -z = 2*r - 5*r. Is r a composite number?
False
Suppose y + 1232 = -15*y. Let f = 114 - y. Is f a composite number?
False
Is (22613/3)/(-9 + 140/15) prime?
True
Suppose 3*y - 381 = 4*y. Is y/(-3)*1/1 prime?
True
Let q = 17 + -8. Let j = -4 + q. Suppose j*p - 1459 = -4*r, -3*p + r + 3*r = -869. Is p composite?
True
Suppose 0 = -40*a + 45*a - 1685. Is a a composite number?
False
Suppose 11*o - 11765 = 6*o. Is o prime?
False
Let t be (-32 - -2)*(-40)/120. Let w(d) = -3*d**2 + 5*d**2 - d + 3 + 10*d. Is w(t) a prime number?
True
Suppose 126*o - 137*o + 150051 = 0. Is o prime?
False
Suppose 2*g + 4226 = -4*l + 17006, -3*l + 4*g = -9574. Is l a composite number?
True
Let k(r) = 522*r + 7. Is k(1) composite?
True
Let w = 16 + -22. Let p be (w/(-8))/(-1)*-4. Suppose -3*l = -8*l + 2*v + 175, -2*l = -p*v - 70. Is l prime?
False
Suppose j = -j + 3894. Let k = 102 - -112. Let h = j - k. Is h composite?
False
Let b(j) = 8*j**3 - 2*j**2 - 3*j + 2. Suppose 3*v - 10 + 1 = 0. Is b(v) a composite number?
False
Suppose 0 = 157*b - 146*b - 3196039. Is b a composite number?
True
Let t be (1 - -190)*(-2 + -13). Let q = t + 4082. Is q a prime number?
True
Let n(p) = p**3 - 25*p - 1. Is n(18) composite?
False
Suppose 0 = -o + 14 - 5. Let y = 12 - o. Suppose y*p - 4 = 17. Is p prime?
True
Let p(z) = 1595*z**2 - 12*z - 1. Is p(-2) a prime number?
False
Let q(t) be the second derivative of -t**4/12 + 11*t**3/2 + 19*t**2/2 + 41*t. Is q(18) a prime number?
False
Suppose 5*g = 2*i + 10, 2*g + 4 = 2*i + 2. Let q = -7 + -9. Is -1*g/(q/596) a prime number?
True
Suppose 3*q + 5*j = -38 + 10, 4*q + 19 = -3*j. Let p be q/(-1 - 4/(-6)). Suppose 3*c - 374 = 2*z + 3*z, p*c - 346 = -2*z. Is c a composite number?
True
Suppose 3*p + 7 + 11 = 0. Let l be 4/(-6) + (-34)/p. Suppose -r = l*t - 388, 3*r = -4*t + 543 + 588. Is r a prime number?
True
Suppose 42*a = 26*a + 1973488. Is a a prime number?
False
Suppose 0 = -h + 4*h + 4*t - 8, 4*h + 2*t + 6 = 0. Is (h + 4 - -2) + 579 a prime number?
False
Suppose 19*c - 14*c = 19350. Suppose 0 = -2*f + c + 1768. Is f a prime number?
True
Let u be ((-2)/(-8))/1*20. Suppose 5*v + 9 + 30 = y, -u*y - 2*v = -60. Suppose -15*x + 557 = -y*x. Is x a composite number?
False
Let g = 6 + 10. Suppose g = 4*f + 4*f. Let v(m) = 30*m**2 + m. Is v(f) composite?
True
Is (-5)/(360/8) + 515278/9 a prime number?
False
Is (2 + 60)/((-8)/(-1588)) prime?
False
Let d = 10 - 8. Suppose d*q + 647 = n, 4*q - 1596 + 270 = -2*n. Is n prime?
False
Suppose -j = m - 9, -5*j = -2*j + 4*m - 22. Suppose -q + 5*o - j = -3, 2*o = -4*q + 44. Is q prime?
False
Let b(r) = 271*r + 29. Let l(k) = -181*k - 19. Let t(h) = -5*b(h) - 8*l(h). Let f be t(-3). Let p = f + 463. Is p composite?
False
Let q = 24 + -19. Let l be q*(42/15)/2. Suppose 237 = -6*k + l*k. Is k a composite number?
True
Let h(i) = 4*i - 25. Is h(59) a prime number?
True
Suppose 34 = -2*o - 66. Let c be (-3)/(-4)*(114 - 18). Let w = o + c. Is w a composite number?
True
Suppose 7*u = u + 30. Suppose -5 = -u*c, -5*a + 3*c + 36 + 286 = 0. Is a composite?
True
Let h(u) be the third derivative of u**5/6 + u**4/6 - 5*u**3/6 - 13*u**2. Is h(-6) a composite number?
False
Suppose 0*v = -3*v + 6. Suppose 3*f - v = 16. Is f a composite number?
True
Let r(h) = 40*h - 20*h - 18*h + 2. Let g be r(1). Is (-63)/(-3)*(g - 3) a composite number?
True
Is (-98406)/(-72) + (-2)/(-8) a composite number?
False
Let m be 1442/6 + 3/(-9). Let w(u) = -u**3 - 5*u**2 + 7*u + 11. Let q be w(-8). Let s = m - q. Is s a prime number?
False
Let s(p) = -p**3 - 9*p**2 + 23*p + 16. Let a be s(-11). Is (14/(-4) + a)*(1125 + 1) a composite number?
True
Suppose 2*a - 4*i = -3*a + 37, -2*a = -3*i - 19. Suppose a*s - 11 = -3*t + s, -5*t + 3*s + 57 = 0. Is t a composite number?
True
Let d(n) = -n**3 + 36*n**2 - 10*n - 22. Is d(17) a composite number?
True
Suppose 0 = -3*r - 5*z - 46, -5*r + 3*z - 20 = -0*z. Is r/28 - 333/(-4) composite?
False
Suppose 0 = -q + 4*h + 650, -3*q - h - 2*h = -1995. Is q*((-25)/(-10) - 2) prime?
True
Suppose -4*y + 36 = -36. Suppose y = -2*h - h. Is (-16)/(-12)*(-2979)/h a prime number?
False
Let w(x) = 9*x**2 + 23*x - 173. Is w(-31) a composite number?
True
Let j = 9174 - 4603. Is j a composite number?
True
Suppose -416 = 2*k + 376. Suppose p = -p + 218. Let m = p - k. Is m a composite number?
True
Suppose -2*k - 8*j + 3*j + 741 = 0, 5*k + 5*j = 1830. Suppose 3*g + 286 = 4*q + 4*g, 5*q + 4*g - k = 0. Is q a prime number?
True
Let y(w) = 17*w**2 + w + 1. Suppose -7*c + 2*c = -70. Let a = c - 12. Is y(a) a prime number?
True
Let j(k) = -26*k + 9. Let f be j(-3). Suppose n - f - 384 = 0. Is n a prime number?
False
Let c = -564 - -4325. Is c composite?
False
Suppose -17299 = 7*m - 268676. Is m a prime number?
True
Let w = 56 + -56. Suppose -2*a = -q - 1097, 4*a = -w*a + 4*q + 2184. Is a a composite number?
True
Let a = -893 - -2302. Is a a prime number?
True
Let q = -577 - -1496. Is q a prime number?
True
Suppose 13*n - 9*n = 12. Is (1 - n - -447)/(3 + -2) a prime number?
False
Suppose -v = -5*k + v + 33, 3*k + 5*v = -5. Suppose -g + 859 = 3*g + k*s, 5*g = s + 1052. Is g composite?
False
Suppose -7*k + 5*k = -22. Suppose k + 9 = -4*l. Let h(z) = -50*z + 1. Is h(l) composite?
False
Let s be (40/8)/(2 - 1). Suppose 4*h = 5*u + 11941, s*h - 3*h - 3*u - 5971 = 0. Suppose 6*m - 1018 = h. Is m composite?
True
Let d = 91584 + -38071. Is d composite?
True
Let p = -15 - -26. Let d = 14 - p. Suppose 5*y - 110 = -4*i, 5*i - d*y + 0*y = 119. Is i prime?
False
Let w(m) = -2*m**2 + 31*m + 14. Let q(c) = c**2 - 16*c - 7. Let n(o) = -5*q(o) - 3*w(o). Let j be n(11). Let p = j - -32. Is p a prime number?
True
Let v = 2558 + 171. Suppose -2*j - 5431 = -4*n - j, 5*j = 2*n - v. Is n prime?
False
Let b = -35449 + 56046. Is b a composite number?
True
Let i(s) = 3*s**2 - s - 9. Suppose 2*d - 2*z + 10 = 3*d, -3*d + 23 = -z. Suppose -x + d = -4*w, 2 = x + 5*w + 30. Is i(x) prime?
True
Let p be (1/(-2))/(2/(-148)). Let w be (-23)/(-1) + (2 - 3). Let v = p - w. Is v a composite number?
True
Suppose -2*n + 8 = x, 5 + 3 = -4*x + 2*n. Sup